{"id":4,"date":"2018-10-22T10:49:57","date_gmt":"2018-10-22T08:49:57","guid":{"rendered":"http:\/\/www.3dtracking.no\/cargotracking\/?page_id=4"},"modified":"2021-09-02T13:54:42","modified_gmt":"2021-09-02T11:54:42","slug":"cargotracking-norge","status":"publish","type":"page","link":"http:\/\/www.3dtracking.no\/cargotracking\/","title":{"rendered":"Cargotracking Norge"},"content":{"rendered":"<p><img loading=\"lazy\" class=\"alignnone wp-image-26 size-medium\" src=\"http:\/\/www.3dtracking.no\/cargotracking\/wp-content\/uploads\/sites\/6\/2021\/09\/GL300A-l-300x291.png\" alt=\"\" width=\"300\" height=\"291\" srcset=\"http:\/\/www.3dtracking.no\/cargotracking\/wp-content\/uploads\/sites\/6\/2021\/09\/GL300A-l-300x291.png 300w, http:\/\/www.3dtracking.no\/cargotracking\/wp-content\/uploads\/sites\/6\/2021\/09\/GL300A-l.png 500w\" sizes=\"(max-width: 300px) 100vw, 300px\" \/><\/p>\n<p>Vi tar n\u00e5 steget fra \u00e5 tracke kj\u00f8ret\u00f8y til \u00e5 tracke lasten.<\/p>\n<p>Med cargotracking f\u00e5r du temperatur m\u00e5linger og posisjoneringer underveis helt til bestemmelses stedet.<\/p>\n<p>Vi benytter oss av NB-iot Tracker som rapporterer regelmessig n\u00e5r det er bevegelse. Batterilevetid er ca\u00a0 1 mnd posisjonering hvert 5 minutt.<\/p>\n<p>Du ser posisjon:<\/p>\n<p>Temperatur<\/p>\n<p>Lys niv\u00e5<\/p>\n<p>Ta kontakt med Morten p\u00e5 telefon 92219200 for \u00e5 f\u00e5 en demonstrasjon av l\u00f8sningen.<\/p>\n<div id='gallery-1' class='gallery galleryid-4 gallery-columns-3 gallery-size-thumbnail'><figure class='gallery-item'>\n\t\t\t<div class='gallery-icon landscape'>\n\t\t\t\t<a href='http:\/\/www.3dtracking.no\/cargotracking\/cargotracking-norge\/cargotracking\/'><img width=\"150\" height=\"150\" src=\"http:\/\/www.3dtracking.no\/cargotracking\/wp-content\/uploads\/sites\/6\/2018\/11\/Cargotracking-150x150.png\" class=\"attachment-thumbnail size-thumbnail\" alt=\"\" loading=\"lazy\" srcset=\"http:\/\/www.3dtracking.no\/cargotracking\/wp-content\/uploads\/sites\/6\/2018\/11\/Cargotracking-150x150.png 150w, http:\/\/www.3dtracking.no\/cargotracking\/wp-content\/uploads\/sites\/6\/2018\/11\/Cargotracking-100x100.png 100w\" sizes=\"100vw\" \/><\/a>\n\t\t\t<\/div><\/figure><figure class='gallery-item'>\n\t\t\t<div class='gallery-icon landscape'>\n\t\t\t\t<a href='http:\/\/www.3dtracking.no\/cargotracking\/cargotracking-norge\/eksempel\/'><img width=\"150\" height=\"150\" src=\"http:\/\/www.3dtracking.no\/cargotracking\/wp-content\/uploads\/sites\/6\/2018\/11\/eksempel-150x150.png\" class=\"attachment-thumbnail size-thumbnail\" alt=\"\" loading=\"lazy\" srcset=\"http:\/\/www.3dtracking.no\/cargotracking\/wp-content\/uploads\/sites\/6\/2018\/11\/eksempel-150x150.png 150w, http:\/\/www.3dtracking.no\/cargotracking\/wp-content\/uploads\/sites\/6\/2018\/11\/eksempel-100x100.png 100w\" sizes=\"100vw\" \/><\/a>\n\t\t\t<\/div><\/figure><figure class='gallery-item'>\n\t\t\t<div class='gallery-icon landscape'>\n\t\t\t\t<a href='http:\/\/www.3dtracking.no\/cargotracking\/cargotracking-norge\/gl300a-l\/'><img width=\"150\" height=\"150\" src=\"http:\/\/www.3dtracking.no\/cargotracking\/wp-content\/uploads\/sites\/6\/2021\/09\/GL300A-l-150x150.png\" class=\"attachment-thumbnail size-thumbnail\" alt=\"\" loading=\"lazy\" srcset=\"http:\/\/www.3dtracking.no\/cargotracking\/wp-content\/uploads\/sites\/6\/2021\/09\/GL300A-l-150x150.png 150w, http:\/\/www.3dtracking.no\/cargotracking\/wp-content\/uploads\/sites\/6\/2021\/09\/GL300A-l-100x100.png 100w\" sizes=\"100vw\" \/><\/a>\n\t\t\t<\/div><\/figure>\n\t\t<\/div>\n\n","protected":false},"excerpt":{"rendered":"<p>Vi tar n\u00e5 steget fra \u00e5 tracke kj\u00f8ret\u00f8y til \u00e5 tracke lasten. Med cargotracking f\u00e5r du temperatur m\u00e5linger og posisjoneringer underveis helt til bestemmelses stedet. Vi benytter oss av NB-iot Tracker som rapporterer regelmessig n\u00e5r det er bevegelse. Batterilevetid er ca\u00a0 1 mnd posisjonering hvert 5 minutt. Du ser posisjon: Temperatur Lys niv\u00e5 Ta kontakt &hellip; <\/p>\n<p class=\"link-more\"><a href=\"http:\/\/www.3dtracking.no\/cargotracking\/\" class=\"more-link\">Fortsett \u00e5 lese<span class=\"screen-reader-text\"> \u00abCargotracking Norge\u00bb<\/span><\/a><\/p>\n","protected":false},"author":1,"featured_media":0,"parent":0,"menu_order":0,"comment_status":"closed","ping_status":"closed","template":"","meta":[],"yoast_head":"<!-- This site is optimized with the Yoast SEO plugin v19.13 - https:\/\/yoast.com\/wordpress\/plugins\/seo\/ -->\n<title>Cargotracking; Sporing av varer - Cargotracking Norge<\/title>\n<meta name=\"description\" content=\"Med cargotracking f\u00e5r du temperatur m\u00e5linger og posisjoneringer underveis helt til bestemmelses stede\" \/>\n<meta name=\"robots\" content=\"index, follow, max-snippet:-1, max-image-preview:large, max-video-preview:-1\" \/>\n<link rel=\"canonical\" href=\"https:\/\/www.3dtracking.no\/cargotracking\/\" \/>\n<meta property=\"og:locale\" content=\"nb_NO\" \/>\n<meta property=\"og:type\" content=\"article\" \/>\n<meta property=\"og:title\" content=\"Cargotracking; Sporing av varer - Cargotracking Norge\" \/>\n<meta property=\"og:description\" content=\"Med cargotracking f\u00e5r du temperatur m\u00e5linger og posisjoneringer underveis helt til bestemmelses stede\" \/>\n<meta property=\"og:url\" content=\"https:\/\/www.3dtracking.no\/cargotracking\/\" \/>\n<meta property=\"og:site_name\" content=\"Cargotracking Norge\" \/>\n<meta property=\"article:modified_time\" content=\"2021-09-02T11:54:42+00:00\" \/>\n<meta property=\"og:image\" content=\"https:\/\/www.3dtracking.no\/cargotracking\/wp-content\/uploads\/sites\/6\/2018\/11\/Cargotracking-150x150.png\" \/>\n<meta name=\"twitter:card\" content=\"summary_large_image\" \/>\n<meta name=\"twitter:label1\" content=\"Ansl. lesetid\" \/>\n\t<meta name=\"twitter:data1\" content=\"1 minutt\" \/>\n<script type=\"application\/ld+json\" class=\"yoast-schema-graph\">{\"@context\":\"https:\/\/schema.org\",\"@graph\":[{\"@type\":\"WebPage\",\"@id\":\"https:\/\/www.3dtracking.no\/cargotracking\/\",\"url\":\"https:\/\/www.3dtracking.no\/cargotracking\/\",\"name\":\"Cargotracking; Sporing av varer - Cargotracking Norge\",\"isPartOf\":{\"@id\":\"https:\/\/www.3dtracking.no\/cargotracking\/#website\"},\"datePublished\":\"2018-10-22T08:49:57+00:00\",\"dateModified\":\"2021-09-02T11:54:42+00:00\",\"description\":\"Med cargotracking f\u00e5r du temperatur m\u00e5linger og posisjoneringer underveis helt til bestemmelses stede\",\"breadcrumb\":{\"@id\":\"https:\/\/www.3dtracking.no\/cargotracking\/#breadcrumb\"},\"inLanguage\":\"nb-NO\",\"potentialAction\":[{\"@type\":\"ReadAction\",\"target\":[\"https:\/\/www.3dtracking.no\/cargotracking\/\"]}]},{\"@type\":\"BreadcrumbList\",\"@id\":\"https:\/\/www.3dtracking.no\/cargotracking\/#breadcrumb\",\"itemListElement\":[{\"@type\":\"ListItem\",\"position\":1,\"name\":\"Hjem\",\"item\":\"https:\/\/www.3dtracking.no\/cargotracking\/\"},{\"@type\":\"ListItem\",\"position\":2,\"name\":\"Cargotracking Norge\"}]},{\"@type\":\"WebSite\",\"@id\":\"https:\/\/www.3dtracking.no\/cargotracking\/#website\",\"url\":\"https:\/\/www.3dtracking.no\/cargotracking\/\",\"name\":\"Cargotracking Norge\",\"description\":\"Cargotracking \",\"potentialAction\":[{\"@type\":\"SearchAction\",\"target\":{\"@type\":\"EntryPoint\",\"urlTemplate\":\"https:\/\/www.3dtracking.no\/cargotracking\/?s={search_term_string}\"},\"query-input\":\"required name=search_term_string\"}],\"inLanguage\":\"nb-NO\"}]}<\/script>\n<!-- \/ Yoast SEO plugin. -->","yoast_head_json":{"title":"Cargotracking; Sporing av varer - Cargotracking Norge","description":"Med cargotracking f\u00e5r du temperatur m\u00e5linger og posisjoneringer underveis helt til bestemmelses stede","robots":{"index":"index","follow":"follow","max-snippet":"max-snippet:-1","max-image-preview":"max-image-preview:large","max-video-preview":"max-video-preview:-1"},"canonical":"https:\/\/www.3dtracking.no\/cargotracking\/","og_locale":"nb_NO","og_type":"article","og_title":"Cargotracking; Sporing av varer - Cargotracking Norge","og_description":"Med cargotracking f\u00e5r du temperatur m\u00e5linger og posisjoneringer underveis helt til bestemmelses stede","og_url":"https:\/\/www.3dtracking.no\/cargotracking\/","og_site_name":"Cargotracking Norge","article_modified_time":"2021-09-02T11:54:42+00:00","og_image":[{"url":"https:\/\/www.3dtracking.no\/cargotracking\/wp-content\/uploads\/sites\/6\/2018\/11\/Cargotracking-150x150.png"}],"twitter_card":"summary_large_image","twitter_misc":{"Ansl. lesetid":"1 minutt"},"schema":{"@context":"https:\/\/schema.org","@graph":[{"@type":"WebPage","@id":"https:\/\/www.3dtracking.no\/cargotracking\/","url":"https:\/\/www.3dtracking.no\/cargotracking\/","name":"Cargotracking; Sporing av varer - Cargotracking Norge","isPartOf":{"@id":"https:\/\/www.3dtracking.no\/cargotracking\/#website"},"datePublished":"2018-10-22T08:49:57+00:00","dateModified":"2021-09-02T11:54:42+00:00","description":"Med cargotracking f\u00e5r du temperatur m\u00e5linger og posisjoneringer underveis helt til bestemmelses stede","breadcrumb":{"@id":"https:\/\/www.3dtracking.no\/cargotracking\/#breadcrumb"},"inLanguage":"nb-NO","potentialAction":[{"@type":"ReadAction","target":["https:\/\/www.3dtracking.no\/cargotracking\/"]}]},{"@type":"BreadcrumbList","@id":"https:\/\/www.3dtracking.no\/cargotracking\/#breadcrumb","itemListElement":[{"@type":"ListItem","position":1,"name":"Hjem","item":"https:\/\/www.3dtracking.no\/cargotracking\/"},{"@type":"ListItem","position":2,"name":"Cargotracking Norge"}]},{"@type":"WebSite","@id":"https:\/\/www.3dtracking.no\/cargotracking\/#website","url":"https:\/\/www.3dtracking.no\/cargotracking\/","name":"Cargotracking Norge","description":"Cargotracking ","potentialAction":[{"@type":"SearchAction","target":{"@type":"EntryPoint","urlTemplate":"https:\/\/www.3dtracking.no\/cargotracking\/?s={search_term_string}"},"query-input":"required name=search_term_string"}],"inLanguage":"nb-NO"}]}},"_links":{"self":[{"href":"http:\/\/www.3dtracking.no\/cargotracking\/wp-json\/wp\/v2\/pages\/4"}],"collection":[{"href":"http:\/\/www.3dtracking.no\/cargotracking\/wp-json\/wp\/v2\/pages"}],"about":[{"href":"http:\/\/www.3dtracking.no\/cargotracking\/wp-json\/wp\/v2\/types\/page"}],"author":[{"embeddable":true,"href":"http:\/\/www.3dtracking.no\/cargotracking\/wp-json\/wp\/v2\/users\/1"}],"replies":[{"embeddable":true,"href":"http:\/\/www.3dtracking.no\/cargotracking\/wp-json\/wp\/v2\/comments?post=4"}],"version-history":[{"count":8,"href":"http:\/\/www.3dtracking.no\/cargotracking\/wp-json\/wp\/v2\/pages\/4\/revisions"}],"predecessor-version":[{"id":27,"href":"http:\/\/www.3dtracking.no\/cargotracking\/wp-json\/wp\/v2\/pages\/4\/revisions\/27"}],"wp:attachment":[{"href":"http:\/\/www.3dtracking.no\/cargotracking\/wp-json\/wp\/v2\/media?parent=4"}],"curies":[{"name":"wp","href":"https:\/\/api.w.org\/{rel}","templated":true}]}}